. Calculate the remainder when 22 is divided by m.
1
Let t(h) = -4*h + 1. Let x be t(-7). Let o = x - 13. Suppose -u - 2*l + 48 = 0, -2*l = 2 - 4. What is the remainder when u is divided by o?
14
Suppose -2*g - 29 = 3*b, 5*g + 0 + 1 = -b. Let u = b - -58. What is the remainder when u is divided by (12/(-5))/(3/(-20))?
15
Suppose 8*b - 3*b = 65. Let i = b - 3. Suppose f = -3*c + 82, 3*c - 52 = c + 2*f. What is the remainder when c is divided by i?
7
Let w be 9/(-3) + (-5 + 4)*13. Suppose 2*a - 95 = 3*o, 3*o - 3*a + 99 = -0*o. Let p = w - o. What is the remainder when 50 is divided by p?
11
Suppose 5*f - 1 = 4. Suppose -2*k + 2*s - 2 = 0, 2*k + 2 = s + f. Suppose k = 5*m + 4*l - 122 - 4, -5*l = m - 42. What is the remainder when 42 is divided by m?
20
Let z(o) = -11*o**3 - o**2. Let j = 2 + 5. Let k = j - 3. Calculate the remainder when z(-1) is divided by k.
2
Calculate the remainder when 73 is divided by -9 + 31 + -1 + -2.
16
Let w(r) = r**3 - 5*r**2 + 4*r + 1. Let k be w(4). Let m = 12 - k. Suppose 2*x = x + 32. What is the remainder when x is divided by m?
10
Let d = -59 - -19. What is the remainder when 2*2*(-5)/(-4) is divided by 16/10 + (-16)/d?
1
Let p = 48 + -9. Suppose 2*b + b = p. What is the remainder when 24 is divided by b?
11
Let p = 11 - 10. What is the remainder when 1 is divided by p?
0
Suppose 0 = -4*m + 12, 3*p = 7*p - 5*m - 221. Let y = p - 42. What is the remainder when 31 is divided by y?
14
Suppose -3*t + t - 5*a + 83 = 0, 5*t + 3*a = 160. Calculate the remainder when t is divided by 5.
4
What is the remainder when (130 - 4 - -3)/1 is divided by 22?
19
Suppose 0 = j - 9 + 3. Let b(c) = -c**3 + 8*c**2 - 7*c - 8. Calculate the remainder when 87 is divided by b(j).
21
Let r be ((-12)/(-15))/((-2)/(-10)). Let k(b) = -1 + b**2 + 5*b**2 - 4 - 2*b + r. Calculate the remainder when k(2) is divided by 11.
8
Let u = 6 + -2. Let o be -2 - (0 + (-4 - -1)). Calculate the remainder when o + (-2 - (-8 + 1)) is divided by u.
2
Suppose -2*r + 2 = -2*a + 5*a, 8 = r - 2*a. Suppose o = -r*o + 140. Suppose -5*p = g, 2*g + 5*p + 0 = 10. Calculate the remainder when o is divided by g.
8
Suppose -4*q + 17 = c, 5*c - 2*q - 33 = 30. Calculate the remainder when 38 is divided by c.
12
Let b be 72/(-30) - 4/(-10). What is the remainder when 35 is divided by 2*(-11 + -1)/b?
11
Suppose 69*u - 8 = 65*u. What is the remainder when 4 is divided by u?
0
Suppose 5*o = 4*o. Suppose o = -d - 2 + 22. Let t = -1 + d. What is the remainder when 37 is divided by t?
18
Let f(g) = 2*g**2 - 11*g + 8. Calculate the remainder when f(8) is divided by 10.
8
Let h = 1 - 1. Let s = h - -8. What is the remainder when 0 + (1 + -45)*2/(-4) is divided by s?
6
Let s(u) = -u**2 - 7*u + 2. Let z be s(-7). Suppose 33 = 3*v - z*v. Calculate the remainder when v is divided by 12.
9
Suppose 177 + 10 = 11*l. Calculate the remainder when l is divided by 9.
8
Suppose -4*s - 13 + 34 = 3*p, -5*p + 3*s = -6. Suppose x + 16 = p*x. What is the remainder when (5 - -9) + 0/(-3) is divided by x?
6
Let i(x) = x**2 + 10*x + 6. Let c(l) = -l - 2. Let o be c(6). Let n be i(o). Let m = 18 + n. What is the remainder when 22 is divided by m?
6
Let c = 12 - 3. Calculate the remainder when 10 is divided by c.
1
Suppose 0 = 16*l - 9*l - 441. Let w(x) = -6*x + 4. What is the remainder when l is divided by w(-3)?
19
Suppose -z = 0, 5*x + 0*z - 100 = 2*z. Let u = -17 + 24. Calculate the remainder when x is divided by u.
6
Suppose -2*y = -75 - 59. Suppose -2 = -2*d + 32. What is the remainder when y is divided by d?
16
Let m(k) = -8*k - 26. Calculate the remainder when 84 is divided by m(-6).
18
Let q(v) = 2*v**2 - 4. What is the remainder when q(-3) is divided by 8?
6
Let a be ((-3)/(-2))/((-2)/(-4)). Suppose -2*z = -3*u - 6, 2*z - 6 = 4*u - 9*u. Suppose a = r - u. Calculate the remainder when 5 is divided by r.
2
What is the remainder when 86 is divided by (22/(-4))/((-8)/32)?
20
Suppose -5*n = -0*n - 5. Calculate the remainder when ((-3)/((-3)/17))/n is divided by 6.
5
Let o(u) = -u**2 + 15*u + 6. What is the remainder when o(10) is divided by 15?
11
Let s(g) = -64*g**3 + g**2 - g - 1. Calculate the remainder when s(-1) is divided by 34.
31
Let t(z) = -z**3 + 4*z**2 - z - 3. Suppose 3 = k - 0. Let f = -29 - -39. Calculate the remainder when f is divided by t(k).
1
Suppose 6*x - 175 - 47 = 0. What is the remainder when 110 is divided by x?
36
Let a be 195/27 - (-2)/(-9). Let f be 18*(3 + a/3). Suppose 2*i = -5*t + f, -i + 15 + 20 = -4*t. Calculate the remainder when i is divided by 22.
21
Let j(v) = v**2 - 3*v - 3. Suppose -c - 21 = -2*c. Suppose 4*q - c = -5. What is the remainder when j(-2) is divided by q?
3
Calculate the remainder when 205*1*(-6)/135*-9 is divided by 12.
10
Suppose -4*b + 4*x = -3*b - 67, -134 = -2*b + 4*x. Suppose -k + 5*d - d + 11 = 0, -4*d = -3*k + 57. Calculate the remainder when b is divided by k.
21
Let u be 0 + (-15)/9*-3. Let w = -2 + u. What is the remainder when 5 is divided by w?
2
Let b = -15 + 30. Let n = -11 + b. Let k = n - -21. Calculate the remainder when k is divided by 7.
4
Let p be 0 + -1 - (-1)/(-1). Calculate the remainder when (p/(-6))/((-10)/(-3810)) is divided by 32.
31
Let i(x) = 5*x**2 + 0*x + 5*x - 4*x**2. Let z be i(-4). Let p = 1 - z. Calculate the remainder when 14 is divided by p.
4
Let t(n) = -6*n - 4. What is the remainder when 117 is divided by t(-4)?
17
Suppose 5*y - 12 = y. Let g(b) = b**2 - b - 4. Calculate the remainder when g(y) is divided by 2.
0
Let g(y) = y**2 - 5*y - 2. Let r be (4 + 3)*(0 - -1). Let k be g(r). Calculate the remainder when (k/(-18))/((-2)/33) is divided by 4.
3
Let t = 32 + -15. Suppose -276 = -k - 3*k + 4*i, 4*k + 3*i = 248. What is the remainder when k is divided by t?
14
Suppose -2*v - 4 + 5 = 3*y, 2*y = -2. Suppose r + v = 15. Calculate the remainder when 23 is divided by r.
10
Let f be 0 + 0 + 35 + 2. Suppose -2*n = 5*r - f, -1 = -2*r + 5. Calculate the remainder when 31 is divided by n.
9
Let j be (76/20 - 4)/(2/(-10)). Let n(h) = -h**2 - 4*h - 4. Let t be n(-4). Calculate the remainder when 6 is divided by j/(t + 3)*-3.
0
Let g(o) = o**3 + 3*o**2 - 3*o - 2. Let y be (-3)/(1 + (-4)/6). What is the remainder when (-3)/y - (-130)/6 is divided by g(-2)?
6
Let y(r) = -r**2 + 9*r - 8. Let g(x) = 0*x**2 + 2 + x**2 - 5*x - 2*x**2. Let b be g(-4). Calculate the remainder when y(b) is divided by 4.
2
Suppose -4*o - 230 = -3*t, 2*t - t + 5*o = 45. What is the remainder when t is divided by 18?
16
Let r(u) = -u**2 + 17. What is the remainder when r(0) is divided by 5?
2
Let r(b) = -2*b**3 - 7*b**2 - 4*b + 3. Let k be r(-6). Suppose -5*y = -28 - k. What is the remainder when y is divided by 16?
15
Suppose t - 217 = 2*c, c = -4*t + 5*c + 852. Calculate the remainder when t is divided by 53.
50
Calculate the remainder when (-1)/(2 + (-156)/76) is divided by 10.
9
Let k be 0 + 3 + 4/(-2). What is the remainder when 4 is divided by -1 - (-5 - (0 - k))?
1
Suppose 8*m = 11*m - 51. Suppose -6*u + 2*u = -128. What is the remainder when u is divided by m?
15
Suppose 0 = -0*v + v - 2*u - 15, 4 = -u. Calculate the remainder when 11 is divided by v.
4
Suppose -i - 2*i + 219 = 0. Suppose 96*z - 19 = 95*z. What is the remainder when i is divided by z?
16
Suppose 5*l = l + 12. Let r(b) = -b. Suppose 3 = -k + s, 3*s + 3 + 28 = -5*k. What is the remainder when r(k) is divided by l?
2
Let z = 31 + -13. Let j = z + -11. Calculate the remainder when j is divided by 3.
1
Let f = 25 + -15. What is the remainder when 35 is divided by f?
5
What is the remainder when (80 - -1) + 9/9 is divided by 28?
26
Let j(o) = -o**3 - 5*o**2 + 7*o + 6. Let x be j(-6). Let s(n) = -n**2 - n + 13. What is the remainder when s(x) is divided by 8?
5
Let d = -25 + 59. Suppose -w = w - d. What is the remainder when w is divided by 9?
8
Suppose 2 + 6 = 2*s. Suppose 0*c + 128 = s*c. Let q = 45 - c. What is the remainder when q is divided by 7?
6
Suppose -2 = -2*w - d + 5*d, -2*w + 1 = -5*d. Suppose w = t - 25. Calculate the remainder when t is divided by 10.
8
Let c = -12 - -26. What is the remainder when c is divided by 3?
2
Let t = 4 + -3. Suppose -a - t + 10 = 0. Calculate the remainder when 33 is divided by a.
6
Let q(l) = -l**2 + 7*l + 1. Let h be q(7). Let v(f) = 6